{"id":25,"date":"2025-06-28T10:53:05","date_gmt":"2025-06-28T10:53:05","guid":{"rendered":"https:\/\/tennisdev.tera2.fr\/?page_id=25"},"modified":"2025-06-28T10:53:05","modified_gmt":"2025-06-28T10:53:05","slug":"bureau","status":"publish","type":"page","link":"https:\/\/asneristennis.fr\/index.php\/bureau\/","title":{"rendered":"bureau"},"content":{"rendered":"\n<h2 class=\"wp-block-heading\">AS NERIS TENNIS<\/h2>\n\n\n\n<h3 class=\"wp-block-heading\"><br>Saison 2024 \/2025<\/h3>\n\n\n\n<h3 class=\"wp-block-heading\"><br>COMPOSITION DU BUREAU<\/h3>\n\n\n\n<figure class=\"wp-block-image size-full is-resized\"><img loading=\"lazy\" decoding=\"async\" width=\"315\" height=\"305\" src=\"https:\/\/asneristennis.fr\/wp-content\/uploads\/2025\/06\/Michel_Albert-1.png\" alt=\"\" class=\"wp-image-375\" style=\"width:232px;height:auto\" srcset=\"https:\/\/asneristennis.fr\/wp-content\/uploads\/2025\/06\/Michel_Albert-1.png 315w, https:\/\/asneristennis.fr\/wp-content\/uploads\/2025\/06\/Michel_Albert-1-300x290.png 300w\" sizes=\"auto, (max-width: 315px) 100vw, 315px\" \/><\/figure>\n\n\n\n<p>Michel ALBERT : Pr\u00e9sident \u2013 06 65 49 57 37<\/p>\n\n\n\n<p><\/p>\n\n\n\n<figure class=\"wp-block-image size-full is-resized\"><img loading=\"lazy\" decoding=\"async\" width=\"594\" height=\"476\" src=\"https:\/\/asneristennis.fr\/wp-content\/uploads\/2025\/06\/Michel_An-1.png\" alt=\"\" class=\"wp-image-376\" style=\"width:239px;height:auto\" srcset=\"https:\/\/asneristennis.fr\/wp-content\/uploads\/2025\/06\/Michel_An-1.png 594w, https:\/\/asneristennis.fr\/wp-content\/uploads\/2025\/06\/Michel_An-1-300x240.png 300w\" sizes=\"auto, (max-width: 594px) 100vw, 594px\" \/><\/figure>\n\n\n\n<p><br>Michel ANDRIEU : Secr\u00e9taire \u2013 06 32 94 86 96<\/p>\n\n\n\n<p><\/p>\n\n\n\n<figure class=\"wp-block-image size-full is-resized\"><img loading=\"lazy\" decoding=\"async\" width=\"346\" height=\"434\" src=\"https:\/\/asneristennis.fr\/wp-content\/uploads\/2025\/06\/M_Horvelin-1.png\" alt=\"\" class=\"wp-image-377\" style=\"width:252px;height:auto\" srcset=\"https:\/\/asneristennis.fr\/wp-content\/uploads\/2025\/06\/M_Horvelin-1.png 346w, https:\/\/asneristennis.fr\/wp-content\/uploads\/2025\/06\/M_Horvelin-1-239x300.png 239w\" sizes=\"auto, (max-width: 346px) 100vw, 346px\" \/><\/figure>\n\n\n\n<p><br>Mich\u00e8le HORVELIN : Tr\u00e9sori\u00e8re \u2013 06 86 94 53 77<\/p>\n\n\n\n<p><\/p>\n\n\n\n<figure class=\"wp-block-image size-full is-resized\"><img loading=\"lazy\" decoding=\"async\" width=\"393\" height=\"523\" src=\"https:\/\/asneristennis.fr\/wp-content\/uploads\/2025\/06\/Clara.png\" alt=\"\" class=\"wp-image-378\" style=\"width:256px;height:auto\" srcset=\"https:\/\/asneristennis.fr\/wp-content\/uploads\/2025\/06\/Clara.png 393w, https:\/\/asneristennis.fr\/wp-content\/uploads\/2025\/06\/Clara-225x300.png 225w\" sizes=\"auto, (max-width: 393px) 100vw, 393px\" \/><\/figure>\n\n\n\n<p><br>Clara BEAUMONT (Communication)<\/p>\n\n\n\n<p><\/p>\n\n\n\n<figure class=\"wp-block-image size-full is-resized\"><img loading=\"lazy\" decoding=\"async\" width=\"450\" height=\"615\" src=\"https:\/\/asneristennis.fr\/wp-content\/uploads\/2025\/06\/Etienne.png\" alt=\"\" class=\"wp-image-379\" style=\"width:262px;height:auto\" srcset=\"https:\/\/asneristennis.fr\/wp-content\/uploads\/2025\/06\/Etienne.png 450w, https:\/\/asneristennis.fr\/wp-content\/uploads\/2025\/06\/Etienne-220x300.png 220w\" sizes=\"auto, (max-width: 450px) 100vw, 450px\" \/><\/figure>\n\n\n\n<p><br>Etienne BEAUMONT (Echo des Courts \/ Juge-Arbitre)<\/p>\n\n\n\n<p><\/p>\n\n\n\n<p><\/p>\n\n\n\n<p><br>Christophe BOULET<\/p>\n\n\n\n<p><\/p>\n\n\n\n<figure class=\"wp-block-image size-full is-resized\"><img loading=\"lazy\" decoding=\"async\" width=\"402\" height=\"542\" src=\"https:\/\/asneristennis.fr\/wp-content\/uploads\/2025\/06\/Michel_D.png\" alt=\"\" class=\"wp-image-380\" style=\"width:228px;height:auto\" srcset=\"https:\/\/asneristennis.fr\/wp-content\/uploads\/2025\/06\/Michel_D.png 402w, https:\/\/asneristennis.fr\/wp-content\/uploads\/2025\/06\/Michel_D-223x300.png 223w\" sizes=\"auto, (max-width: 402px) 100vw, 402px\" \/><\/figure>\n\n\n\n<p><br>Michel DUFLOUX<\/p>\n\n\n\n<p><\/p>\n\n\n\n<figure class=\"wp-block-image size-full is-resized\"><img loading=\"lazy\" decoding=\"async\" width=\"270\" height=\"480\" src=\"https:\/\/asneristennis.fr\/wp-content\/uploads\/2025\/06\/Pierre_Nicolas.png\" alt=\"\" class=\"wp-image-381\" style=\"width:193px;height:auto\" srcset=\"https:\/\/asneristennis.fr\/wp-content\/uploads\/2025\/06\/Pierre_Nicolas.png 270w, https:\/\/asneristennis.fr\/wp-content\/uploads\/2025\/06\/Pierre_Nicolas-169x300.png 169w\" sizes=\"auto, (max-width: 270px) 100vw, 270px\" \/><\/figure>\n\n\n\n<p><br>Pierre-Nicolas GIGON (Responsable Ecole de Tennis)<\/p>\n\n\n\n<p><\/p>\n\n\n\n<figure class=\"wp-block-image size-full is-resized\"><img loading=\"lazy\" decoding=\"async\" width=\"329\" height=\"587\" src=\"https:\/\/asneristennis.fr\/wp-content\/uploads\/2025\/06\/Anne.png\" alt=\"\" class=\"wp-image-382\" style=\"width:204px;height:auto\" srcset=\"https:\/\/asneristennis.fr\/wp-content\/uploads\/2025\/06\/Anne.png 329w, https:\/\/asneristennis.fr\/wp-content\/uploads\/2025\/06\/Anne-168x300.png 168w\" sizes=\"auto, (max-width: 329px) 100vw, 329px\" \/><\/figure>\n\n\n\n<p><br>Anne LEROY (Projet Tennis F\u00e9minin)<\/p>\n\n\n\n<p><\/p>\n\n\n\n<figure class=\"wp-block-image size-full is-resized\"><img loading=\"lazy\" decoding=\"async\" width=\"546\" height=\"542\" src=\"https:\/\/asneristennis.fr\/wp-content\/uploads\/2025\/06\/Roger.png\" alt=\"\" class=\"wp-image-383\" style=\"width:228px;height:auto\" srcset=\"https:\/\/asneristennis.fr\/wp-content\/uploads\/2025\/06\/Roger.png 546w, https:\/\/asneristennis.fr\/wp-content\/uploads\/2025\/06\/Roger-300x298.png 300w, https:\/\/asneristennis.fr\/wp-content\/uploads\/2025\/06\/Roger-150x150.png 150w\" sizes=\"auto, (max-width: 546px) 100vw, 546px\" \/><\/figure>\n\n\n\n<p><br>Roger MANEVEAU (Juge Arbitre)<\/p>\n\n\n\n<p><\/p>\n\n\n\n<figure class=\"wp-block-image size-full is-resized\"><img loading=\"lazy\" decoding=\"async\" width=\"421\" height=\"609\" src=\"https:\/\/asneristennis.fr\/wp-content\/uploads\/2025\/06\/Hugo.png\" alt=\"\" class=\"wp-image-384\" style=\"width:233px;height:auto\" srcset=\"https:\/\/asneristennis.fr\/wp-content\/uploads\/2025\/06\/Hugo.png 421w, https:\/\/asneristennis.fr\/wp-content\/uploads\/2025\/06\/Hugo-207x300.png 207w\" sizes=\"auto, (max-width: 421px) 100vw, 421px\" \/><\/figure>\n\n\n\n<p><br>Hugo MORET (Enseignant CQP)<\/p>\n\n\n\n<p><\/p>\n\n\n\n<figure class=\"wp-block-image size-full is-resized\"><img loading=\"lazy\" decoding=\"async\" width=\"432\" height=\"585\" src=\"https:\/\/asneristennis.fr\/wp-content\/uploads\/2025\/06\/Jerome.png\" alt=\"\" class=\"wp-image-385\" style=\"width:231px;height:auto\" srcset=\"https:\/\/asneristennis.fr\/wp-content\/uploads\/2025\/06\/Jerome.png 432w, https:\/\/asneristennis.fr\/wp-content\/uploads\/2025\/06\/Jerome-222x300.png 222w\" sizes=\"auto, (max-width: 432px) 100vw, 432px\" \/><\/figure>\n\n\n\n<p><br>J\u00e9r\u00f4me PINQUIER<\/p>\n\n\n\n<p><\/p>\n\n\n\n<figure class=\"wp-block-image size-full is-resized\"><img loading=\"lazy\" decoding=\"async\" width=\"453\" height=\"471\" src=\"https:\/\/asneristennis.fr\/wp-content\/uploads\/2025\/06\/Pierre_Rondy.png\" alt=\"\" class=\"wp-image-386\" style=\"width:240px;height:auto\" srcset=\"https:\/\/asneristennis.fr\/wp-content\/uploads\/2025\/06\/Pierre_Rondy.png 453w, https:\/\/asneristennis.fr\/wp-content\/uploads\/2025\/06\/Pierre_Rondy-289x300.png 289w\" sizes=\"auto, (max-width: 453px) 100vw, 453px\" \/><\/figure>\n\n\n\n<p><br>Pierre RONDY<\/p>\n\n\n\n<p><\/p>\n\n\n\n<figure class=\"wp-block-image size-full is-resized\"><img loading=\"lazy\" decoding=\"async\" width=\"324\" height=\"436\" src=\"https:\/\/asneristennis.fr\/wp-content\/uploads\/2025\/06\/Pierre.png\" alt=\"\" class=\"wp-image-387\" style=\"width:243px;height:auto\" srcset=\"https:\/\/asneristennis.fr\/wp-content\/uploads\/2025\/06\/Pierre.png 324w, https:\/\/asneristennis.fr\/wp-content\/uploads\/2025\/06\/Pierre-223x300.png 223w\" sizes=\"auto, (max-width: 324px) 100vw, 324px\" \/><\/figure>\n\n\n\n<p><br>Pierre SAINT LEBES<\/p>\n\n\n\n<p><\/p>\n\n\n\n<figure class=\"wp-block-image size-full is-resized\"><img loading=\"lazy\" decoding=\"async\" width=\"363\" height=\"488\" src=\"https:\/\/asneristennis.fr\/wp-content\/uploads\/2025\/06\/Olivier.png\" alt=\"\" class=\"wp-image-388\" style=\"width:245px;height:auto\" srcset=\"https:\/\/asneristennis.fr\/wp-content\/uploads\/2025\/06\/Olivier.png 363w, https:\/\/asneristennis.fr\/wp-content\/uploads\/2025\/06\/Olivier-223x300.png 223w\" sizes=\"auto, (max-width: 363px) 100vw, 363px\" \/><\/figure>\n\n\n\n<p><br>Olivier VACQUANT<\/p>\n\n\n\n<p><\/p>\n\n\n\n<p><\/p>\n\n\n\n<p><br>Membre d\u2019honneur : Georges MICHEAU<\/p>\n\n\n\n<p><\/p>\n\n\n\n<p><\/p>\n","protected":false},"excerpt":{"rendered":"<p>AS NERIS TENNIS Saison 2024 \/2025 COMPOSITION DU BUREAU Michel ALBERT : Pr\u00e9sident \u2013 06 65 49 57 37 Michel ANDRIEU : Secr\u00e9taire \u2013 06 32 94 86 96 Mich\u00e8le HORVELIN : Tr\u00e9sori\u00e8re \u2013 06 86 94 53 77 Clara BEAUMONT (Communication) Etienne BEAUMONT (Echo des Courts \/ Juge-Arbitre) Christophe BOULET Michel DUFLOUX Pierre-Nicolas GIGON [&hellip;]<\/p>\n","protected":false},"author":1,"featured_media":0,"parent":0,"menu_order":0,"comment_status":"closed","ping_status":"closed","template":"","meta":{"footnotes":""},"class_list":["post-25","page","type-page","status-publish","hentry"],"_links":{"self":[{"href":"https:\/\/asneristennis.fr\/index.php\/wp-json\/wp\/v2\/pages\/25","targetHints":{"allow":["GET"]}}],"collection":[{"href":"https:\/\/asneristennis.fr\/index.php\/wp-json\/wp\/v2\/pages"}],"about":[{"href":"https:\/\/asneristennis.fr\/index.php\/wp-json\/wp\/v2\/types\/page"}],"author":[{"embeddable":true,"href":"https:\/\/asneristennis.fr\/index.php\/wp-json\/wp\/v2\/users\/1"}],"replies":[{"embeddable":true,"href":"https:\/\/asneristennis.fr\/index.php\/wp-json\/wp\/v2\/comments?post=25"}],"version-history":[{"count":1,"href":"https:\/\/asneristennis.fr\/index.php\/wp-json\/wp\/v2\/pages\/25\/revisions"}],"predecessor-version":[{"id":389,"href":"https:\/\/asneristennis.fr\/index.php\/wp-json\/wp\/v2\/pages\/25\/revisions\/389"}],"wp:attachment":[{"href":"https:\/\/asneristennis.fr\/index.php\/wp-json\/wp\/v2\/media?parent=25"}],"curies":[{"name":"wp","href":"https:\/\/api.w.org\/{rel}","templated":true}]}}