{"id":10,"date":"2024-12-03T22:44:58","date_gmt":"2024-12-03T22:44:58","guid":{"rendered":"https:\/\/tennisdev.tera2.fr\/?page_id=10"},"modified":"2025-05-23T12:48:39","modified_gmt":"2025-05-23T12:48:39","slug":"leclub","status":"publish","type":"page","link":"https:\/\/asneristennis.fr\/index.php\/leclub\/","title":{"rendered":"Le club"},"content":{"rendered":"\n<h2 class=\"wp-block-heading has-text-align-left\">Historique<\/h2>\n\n\n\n<p>Le Tennis Club de N\u00e9ris-les-Bains, nich\u00e9 au c\u0153ur de cette cit\u00e9 thermale au riche pass\u00e9 historique, incarne depuis des d\u00e9cennies la passion du tennis et le dynamisme sportif de la r\u00e9gion. Fond\u00e9 au d\u00e9but du XX\u1d49 si\u00e8cle, le club a su \u00e9voluer en harmonie avec la ville, offrant \u00e0 ses membres et visiteurs des installations modernes tout en pr\u00e9servant le charme historique de N\u00e9ris-les-Bains.<\/p>\n\n\n\n<p>Chaque ann\u00e9e, le club organise des \u00e9v\u00e9nements majeurs, tels que le Grand Prix de Tennis de la Ville de N\u00e9ris, qui attire des joueurs de tous horizons et contribue \u00e0 la renomm\u00e9e sportive de la commune.<\/p>\n\n\n\n<p>Le Tennis Club de N\u00e9ris-les-Bains n&rsquo;est pas seulement un lieu de pratique sportive, mais aussi un espace de convivialit\u00e9 et de partage, refl\u00e9tant l&rsquo;esprit chaleureux et accueillant de la ville. En s&rsquo;engageant activement dans la vie locale, le club participe \u00e0 la promotion du sport et du bien-\u00eatre, en parfaite ad\u00e9quation avec la tradition thermale de N\u00e9ris-les-Bains.<\/p>\n\n\n\n<h2 class=\"wp-block-heading\">In memoriam<\/h2>\n\n\n\n<p>&#8211; Etre toujours plus acteur de la vie locale : sant\u00e9, bien-\u00eatre, tourisme, animations, acc\u00e8s aux joueurs occasionnels<\/p>\n\n\n\n<p>&#8211; Veiller \u00e0 l&rsquo;attractivit\u00e9 du club et \u00e0 la satisfaction des adh\u00e9rents : qualit\u00e9 et beaut\u00e9 des installations, communication, plaisir d&rsquo;\u00eatre ensemble<\/p>\n\n\n\n<p>&#8211; S&rsquo;appuyer sur une \u00e9cole de tennis performante ouverte au plus grand nombre<\/p>\n\n\n\n<p>&#8211; Promouvoir la comp\u00e9tition : \u00e9quipes performantes, jeunes amen\u00e9s chaque ann\u00e9e au niveau 3\u00e8me s\u00e9rie<\/p>\n\n\n\n<p>&#8211; Conforter le Grand Prix (tournoi d&rsquo;\u00e9t\u00e9) : &#8230;.. comme temps fort de la saison tennistique r\u00e9gionale (tournoi CNGT)<\/p>\n\n\n\n<p>&#8211; Maintenir et d\u00e9velopper les installations du club : pour rester attractif aupr\u00e8s de toutes les g\u00e9n\u00e9rations<\/p>\n\n\n\n<p><\/p>\n","protected":false},"excerpt":{"rendered":"<p>Historique Le Tennis Club de N\u00e9ris-les-Bains, nich\u00e9 au c\u0153ur de cette cit\u00e9 thermale au riche pass\u00e9 historique, incarne depuis des d\u00e9cennies la passion du tennis et le dynamisme sportif de la r\u00e9gion. Fond\u00e9 au d\u00e9but du XX\u1d49 si\u00e8cle, le club a su \u00e9voluer en harmonie avec la ville, offrant \u00e0 ses membres et visiteurs des [&hellip;]<\/p>\n","protected":false},"author":1,"featured_media":0,"parent":0,"menu_order":0,"comment_status":"closed","ping_status":"closed","template":"","meta":{"footnotes":""},"class_list":["post-10","page","type-page","status-publish","hentry"],"_links":{"self":[{"href":"https:\/\/asneristennis.fr\/index.php\/wp-json\/wp\/v2\/pages\/10","targetHints":{"allow":["GET"]}}],"collection":[{"href":"https:\/\/asneristennis.fr\/index.php\/wp-json\/wp\/v2\/pages"}],"about":[{"href":"https:\/\/asneristennis.fr\/index.php\/wp-json\/wp\/v2\/types\/page"}],"author":[{"embeddable":true,"href":"https:\/\/asneristennis.fr\/index.php\/wp-json\/wp\/v2\/users\/1"}],"replies":[{"embeddable":true,"href":"https:\/\/asneristennis.fr\/index.php\/wp-json\/wp\/v2\/comments?post=10"}],"version-history":[{"count":7,"href":"https:\/\/asneristennis.fr\/index.php\/wp-json\/wp\/v2\/pages\/10\/revisions"}],"predecessor-version":[{"id":361,"href":"https:\/\/asneristennis.fr\/index.php\/wp-json\/wp\/v2\/pages\/10\/revisions\/361"}],"wp:attachment":[{"href":"https:\/\/asneristennis.fr\/index.php\/wp-json\/wp\/v2\/media?parent=10"}],"curies":[{"name":"wp","href":"https:\/\/api.w.org\/{rel}","templated":true}]}}